{"version":"1.0","provider_name":"Yoga &amp; co","provider_url":"https:\/\/yogaandco.fr\/site","author_name":"Nadege","author_url":"https:\/\/yogaandco.fr\/site\/author\/nadege\/","title":"ATELIER YOGA : LIBEREZ LES TENSIONS DU DOS LE 17 MAI - Yoga &amp; co","type":"rich","width":600,"height":338,"html":"<blockquote class=\"wp-embedded-content\" data-secret=\"6RIKl59KPg\"><a href=\"https:\/\/yogaandco.fr\/site\/2025\/03\/21\/atelier-yoga-sante-du-dos\/\">ATELIER YOGA : LIBEREZ LES TENSIONS DU DOS LE 17 MAI<\/a><\/blockquote><iframe sandbox=\"allow-scripts\" security=\"restricted\" src=\"https:\/\/yogaandco.fr\/site\/2025\/03\/21\/atelier-yoga-sante-du-dos\/embed\/#?secret=6RIKl59KPg\" width=\"600\" height=\"338\" title=\"\u00ab\u00a0ATELIER YOGA : LIBEREZ LES TENSIONS DU DOS LE 17 MAI\u00a0\u00bb &#8212; Yoga &amp; co\" data-secret=\"6RIKl59KPg\" frameborder=\"0\" marginwidth=\"0\" marginheight=\"0\" scrolling=\"no\" class=\"wp-embedded-content\"><\/iframe><script>\n\/*! This file is auto-generated *\/\n!function(d,l){\"use strict\";l.querySelector&&d.addEventListener&&\"undefined\"!=typeof URL&&(d.wp=d.wp||{},d.wp.receiveEmbedMessage||(d.wp.receiveEmbedMessage=function(e){var t=e.data;if((t||t.secret||t.message||t.value)&&!\/[^a-zA-Z0-9]\/.test(t.secret)){for(var s,r,n,a=l.querySelectorAll('iframe[data-secret=\"'+t.secret+'\"]'),o=l.querySelectorAll('blockquote[data-secret=\"'+t.secret+'\"]'),c=new RegExp(\"^https?:$\",\"i\"),i=0;i<o.length;i++)o[i].style.display=\"none\";for(i=0;i<a.length;i++)s=a[i],e.source===s.contentWindow&&(s.removeAttribute(\"style\"),\"height\"===t.message?(1e3<(r=parseInt(t.value,10))?r=1e3:~~r<200&&(r=200),s.height=r):\"link\"===t.message&&(r=new URL(s.getAttribute(\"src\")),n=new URL(t.value),c.test(n.protocol))&&n.host===r.host&&l.activeElement===s&&(d.top.location.href=t.value))}},d.addEventListener(\"message\",d.wp.receiveEmbedMessage,!1),l.addEventListener(\"DOMContentLoaded\",function(){for(var e,t,s=l.querySelectorAll(\"iframe.wp-embedded-content\"),r=0;r<s.length;r++)(t=(e=s[r]).getAttribute(\"data-secret\"))||(t=Math.random().toString(36).substring(2,12),e.src+=\"#?secret=\"+t,e.setAttribute(\"data-secret\",t)),e.contentWindow.postMessage({message:\"ready\",secret:t},\"*\")},!1)))}(window,document);\n<\/script>\n","thumbnail_url":"https:\/\/yogaandco.fr\/site\/wp-content\/uploads\/2023\/03\/36-Marion-credit-@carolinealsing.jpg","thumbnail_width":1440,"thumbnail_height":1920,"description":"Atelier Yoga &#8211; Lib\u00e9rer les tensions du dos Le mal de dos est devenu une r\u00e9alit\u00e9 quotidienne pour beaucoup d\u2019entre nous. Stress, posture assise prolong\u00e9e, manque de mouvement\u2026 le corps s\u2019adapte, compense, puis finit par se tendre. Et si votre dos n\u2019\u00e9tait pas fragile, mais simplement en manque de mouvement, de respiration\u2026 et d\u2019attention ? &hellip;  Lire la suite\u00a0\u00bb"}

Atelier Yoga &#8211; Libérer les tensions du dos Le mal de dos est devenu une réalité quotidienne pour beaucoup d’entre nous. Stress, posture assise prolongée, manque de mouvement… le corps s’adapte, compense, puis finit par se tendre. Et si votre dos n’était pas fragile, mais simplement en manque de mouvement, de respiration… et d’attention ? &hellip;  Lire la suite »
