{"id":12051,"date":"2023-08-02T11:33:02","date_gmt":"2023-08-02T10:33:02","guid":{"rendered":"https:\/\/yogaandco.fr\/site\/?page_id=12051"},"modified":"2024-10-29T14:39:02","modified_gmt":"2024-10-29T13:39:02","slug":"qui-sommes-nous","status":"publish","type":"page","link":"https:\/\/yogaandco.fr\/site\/qui-sommes-nous\/","title":{"rendered":"Qui sommes-nous ?"},"content":{"rendered":"<p>[vc_row css=\u00a0\u00bb.vc_custom_1690972589265{margin-top: 30px !important;padding-top: 30px !important;}\u00a0\u00bb][vc_column width=\u00a0\u00bb1\/2&Prime;][vc_single_image image=\u00a0\u00bb11291&Prime; img_size=\u00a0\u00bbfull\u00a0\u00bb][\/vc_column][vc_column width=\u00a0\u00bb1\/2&Prime;][vc_column_text]<\/p>\n<h1>QUI SOMMES-NOUS ?<\/h1>\n<p>[\/vc_column_text][vc_column_text]C&rsquo;est en 2012 que Nad\u00e8ge cr\u00e9e Yoga &amp; Co. Pratiquante de yoga depuis son adolescence, Nad\u00e8ge a \u00e0 coeur partager les bienfaits du yoga et des autres pratiques qu&rsquo;elle connait\u00a0 au plus grand nombre. Tr\u00e8s engag\u00e9e dans la vie de son quartier, elle est ravie de vous accueillir dans ce havre de paix sur le bassin de la Villette autour d&rsquo;une \u00e9quipe de professionnels bienveillants et joyeux. Pas de pr\u00e9-requis, pas de comp\u00e9tition, on vient ici en tout libert\u00e9.\u00a0Car il existe une\u00a0pratique pour chacun.e.[\/vc_column_text][\/vc_column][\/vc_row][vc_row][vc_column][vc_empty_space][\/vc_column][\/vc_row][vc_row][vc_column width=\u00a0\u00bb1\/3&Prime;][vc_column_text]<\/p>\n<div class=\"vc_row wpb_row vc_row-fluid vc_custom_1623857938563\">\n<div class=\"wpb_column vc_column_container vc_col-sm-12\">\n<div class=\"vc_column-inner\">\n<div class=\"wpb_wrapper\">\n<div class=\"wpb_text_column wpb_content_element \">\n<div class=\"wpb_wrapper\">\n<h3>Notre \u00e9quipe<\/h3>\n<p>Dipl\u00f4m\u00e9s, exp\u00e9riment\u00e9s, attentifs et enthousiastes, ils vous font partager leurs passions pendant les activit\u00e9s dispens\u00e9es toute la semaine.<\/p>\n<\/div>\n<\/div>\n<\/div>\n<\/div>\n<\/div>\n<\/div>\n<p>[\/vc_column_text][vc_btn title=\u00a0\u00bbD\u00e9couvrir toute l&rsquo;\u00e9quipe\u00a0\u00bb style=\u00a0\u00bboutline-custom\u00a0\u00bb outline_custom_color=\u00a0\u00bb#2a504d\u00a0\u00bb outline_custom_hover_background=\u00a0\u00bb#2a504d\u00a0\u00bb outline_custom_hover_text=\u00a0\u00bb#ffffff\u00a0\u00bb shape=\u00a0\u00bbsquare\u00a0\u00bb size=\u00a0\u00bbsm\u00a0\u00bb align=\u00a0\u00bbleft\u00a0\u00bb link=\u00a0\u00bburl:https%3A%2F%2Fyogaandco.fr%2Fsite%2Fprofesseurs%2F|title:Professeurs%20%26%20intervenants\u00a0\u00bb][\/vc_column][vc_column width=\u00a0\u00bb1\/3&Prime;][vc_column_text]<\/p>\n<div class=\"vc_row wpb_row vc_row-fluid vc_custom_1623857938563\">\n<div class=\"wpb_column vc_column_container vc_col-sm-12\">\n<div class=\"vc_column-inner\">\n<div class=\"wpb_wrapper\">\n<div class=\"wpb_text_column wpb_content_element \">\n<div class=\"wpb_wrapper\">\n<h3>Nos espaces<\/h3>\n<p>Yoga &amp; Co est un v\u00e9ritable espace holistique et pluridisciplinaire qui s\u2019\u00e9tend sur 200m2 de plain-pied au bord du bassin de la Villette.\u00a0 Dans cet espace, toutes nos disciplines coexistent en harmonie et cr\u00e9ent un espace de bien-\u00eatre complet.<\/p>\n<\/div>\n<\/div>\n<\/div>\n<\/div>\n<\/div>\n<\/div>\n<p>[\/vc_column_text][vc_btn title=\u00a0\u00bbD\u00e9couvrir nos espaces\u00a0\u00bb style=\u00a0\u00bboutline-custom\u00a0\u00bb outline_custom_color=\u00a0\u00bb#2a504d\u00a0\u00bb outline_custom_hover_background=\u00a0\u00bb#2a504d\u00a0\u00bb outline_custom_hover_text=\u00a0\u00bb#ffffff\u00a0\u00bb shape=\u00a0\u00bbsquare\u00a0\u00bb size=\u00a0\u00bbsm\u00a0\u00bb align=\u00a0\u00bbleft\u00a0\u00bb link=\u00a0\u00bburl:https%3A%2F%2Fyogaandco.fr%2Fsite%2Fnos-espaces%2F|title:Professeurs%20%26%20intervenants\u00a0\u00bb][\/vc_column][vc_column width=\u00a0\u00bb1\/3&Prime;][\/vc_column][\/vc_row][vc_row][vc_column][vc_empty_space][\/vc_column][\/vc_row]<\/p>\n","protected":false},"excerpt":{"rendered":"<p>[vc_row css=\u00a0\u00bb.vc_custom_1690972589265{margin-top: 30px !important;padding-top: 30px !important;}\u00a0\u00bb][vc_column width=\u00a0\u00bb1\/2&Prime;][vc_single_image image=\u00a0\u00bb11291&Prime; img_size=\u00a0\u00bbfull\u00a0\u00bb][\/vc_column][vc_column width=\u00a0\u00bb1\/2&Prime;][vc_column_text] QUI SOMMES-NOUS ? [\/vc_column_text][vc_column_text]C&rsquo;est en 2012 que Nad\u00e8ge cr\u00e9e Yoga &amp; Co. Pratiquante de yoga depuis son adolescence, Nad\u00e8ge a \u00e0 coeur partager les bienfaits du yoga et des autres pratiques qu&rsquo;elle connait\u00a0 au plus grand nombre. Tr\u00e8s engag\u00e9e dans la vie de son quartier, &hellip;<\/p>\n<p class=\"read-more\"> <a class=\"\" href=\"https:\/\/yogaandco.fr\/site\/qui-sommes-nous\/\"> <span class=\"screen-reader-text\">Qui sommes-nous ?<\/span> Lire la suite\u00a0\u00bb<\/a><\/p>\n","protected":false},"author":2,"featured_media":0,"parent":0,"menu_order":0,"comment_status":"closed","ping_status":"closed","template":"","meta":{"_monsterinsights_skip_tracking":false,"_monsterinsights_sitenote_active":false,"_monsterinsights_sitenote_note":"","_monsterinsights_sitenote_category":0,"footnotes":""},"class_list":["post-12051","page","type-page","status-publish","hentry"],"yoast_head":"<!-- This site is optimized with the Yoast SEO plugin v16.8 - https:\/\/yoast.com\/wordpress\/plugins\/seo\/ -->\n<title>Qui sommes-nous ? - Yoga &amp; co<\/title>\n<meta name=\"robots\" content=\"index, follow, max-snippet:-1, max-image-preview:large, max-video-preview:-1\" \/>\n<link rel=\"canonical\" href=\"https:\/\/yogaandco.fr\/site\/qui-sommes-nous\/\" \/>\n<meta property=\"og:locale\" content=\"fr_FR\" \/>\n<meta property=\"og:type\" content=\"article\" \/>\n<meta property=\"og:title\" content=\"Qui sommes-nous ? - Yoga &amp; co\" \/>\n<meta property=\"og:description\" content=\"[vc_row css=\u00a0\u00bb.vc_custom_1690972589265{margin-top: 30px !important;padding-top: 30px !important;}\u00a0\u00bb][vc_column width=\u00a0\u00bb1\/2&Prime;][vc_single_image image=\u00a0\u00bb11291&Prime; img_size=\u00a0\u00bbfull\u00a0\u00bb][\/vc_column][vc_column width=\u00a0\u00bb1\/2&Prime;][vc_column_text] QUI SOMMES-NOUS ? [\/vc_column_text][vc_column_text]C&rsquo;est en 2012 que Nad\u00e8ge cr\u00e9e Yoga &amp; Co. Pratiquante de yoga depuis son adolescence, Nad\u00e8ge a \u00e0 coeur partager les bienfaits du yoga et des autres pratiques qu&rsquo;elle connait\u00a0 au plus grand nombre. Tr\u00e8s engag\u00e9e dans la vie de son quartier, &hellip; Qui sommes-nous ? Lire la suite\u00a0\u00bb\" \/>\n<meta property=\"og:url\" content=\"https:\/\/yogaandco.fr\/site\/qui-sommes-nous\/\" \/>\n<meta property=\"og:site_name\" content=\"Yoga &amp; co\" \/>\n<meta property=\"article:modified_time\" content=\"2024-10-29T13:39:02+00:00\" \/>\n<meta name=\"twitter:label1\" content=\"Dur\u00e9e de lecture est.\" \/>\n\t<meta name=\"twitter:data1\" content=\"2 minutes\" \/>\n<script type=\"application\/ld+json\" class=\"yoast-schema-graph\">{\"@context\":\"https:\/\/schema.org\",\"@graph\":[{\"@type\":\"WebSite\",\"@id\":\"https:\/\/yogaandco.fr\/site\/#website\",\"url\":\"https:\/\/yogaandco.fr\/site\/\",\"name\":\"Yoga &amp; co\",\"description\":\"Yoga pour tous\",\"potentialAction\":[{\"@type\":\"SearchAction\",\"target\":{\"@type\":\"EntryPoint\",\"urlTemplate\":\"https:\/\/yogaandco.fr\/site\/?s={search_term_string}\"},\"query-input\":\"required name=search_term_string\"}],\"inLanguage\":\"fr-FR\"},{\"@type\":\"WebPage\",\"@id\":\"https:\/\/yogaandco.fr\/site\/qui-sommes-nous\/#webpage\",\"url\":\"https:\/\/yogaandco.fr\/site\/qui-sommes-nous\/\",\"name\":\"Qui sommes-nous ? - Yoga &amp; co\",\"isPartOf\":{\"@id\":\"https:\/\/yogaandco.fr\/site\/#website\"},\"datePublished\":\"2023-08-02T10:33:02+00:00\",\"dateModified\":\"2024-10-29T13:39:02+00:00\",\"breadcrumb\":{\"@id\":\"https:\/\/yogaandco.fr\/site\/qui-sommes-nous\/#breadcrumb\"},\"inLanguage\":\"fr-FR\",\"potentialAction\":[{\"@type\":\"ReadAction\",\"target\":[\"https:\/\/yogaandco.fr\/site\/qui-sommes-nous\/\"]}]},{\"@type\":\"BreadcrumbList\",\"@id\":\"https:\/\/yogaandco.fr\/site\/qui-sommes-nous\/#breadcrumb\",\"itemListElement\":[{\"@type\":\"ListItem\",\"position\":1,\"name\":\"Accueil\",\"item\":\"https:\/\/yogaandco.fr\/site\/\"},{\"@type\":\"ListItem\",\"position\":2,\"name\":\"Qui sommes-nous ?\"}]}]}<\/script>\n<!-- \/ Yoast SEO plugin. -->","yoast_head_json":{"title":"Qui sommes-nous ? - Yoga &amp; co","robots":{"index":"index","follow":"follow","max-snippet":"max-snippet:-1","max-image-preview":"max-image-preview:large","max-video-preview":"max-video-preview:-1"},"canonical":"https:\/\/yogaandco.fr\/site\/qui-sommes-nous\/","og_locale":"fr_FR","og_type":"article","og_title":"Qui sommes-nous ? - Yoga &amp; co","og_description":"[vc_row css=\u00a0\u00bb.vc_custom_1690972589265{margin-top: 30px !important;padding-top: 30px !important;}\u00a0\u00bb][vc_column width=\u00a0\u00bb1\/2&Prime;][vc_single_image image=\u00a0\u00bb11291&Prime; img_size=\u00a0\u00bbfull\u00a0\u00bb][\/vc_column][vc_column width=\u00a0\u00bb1\/2&Prime;][vc_column_text] QUI SOMMES-NOUS ? [\/vc_column_text][vc_column_text]C&rsquo;est en 2012 que Nad\u00e8ge cr\u00e9e Yoga &amp; Co. Pratiquante de yoga depuis son adolescence, Nad\u00e8ge a \u00e0 coeur partager les bienfaits du yoga et des autres pratiques qu&rsquo;elle connait\u00a0 au plus grand nombre. Tr\u00e8s engag\u00e9e dans la vie de son quartier, &hellip; Qui sommes-nous ? Lire la suite\u00a0\u00bb","og_url":"https:\/\/yogaandco.fr\/site\/qui-sommes-nous\/","og_site_name":"Yoga &amp; co","article_modified_time":"2024-10-29T13:39:02+00:00","twitter_misc":{"Dur\u00e9e de lecture est.":"2 minutes"},"schema":{"@context":"https:\/\/schema.org","@graph":[{"@type":"WebSite","@id":"https:\/\/yogaandco.fr\/site\/#website","url":"https:\/\/yogaandco.fr\/site\/","name":"Yoga &amp; co","description":"Yoga pour tous","potentialAction":[{"@type":"SearchAction","target":{"@type":"EntryPoint","urlTemplate":"https:\/\/yogaandco.fr\/site\/?s={search_term_string}"},"query-input":"required name=search_term_string"}],"inLanguage":"fr-FR"},{"@type":"WebPage","@id":"https:\/\/yogaandco.fr\/site\/qui-sommes-nous\/#webpage","url":"https:\/\/yogaandco.fr\/site\/qui-sommes-nous\/","name":"Qui sommes-nous ? - Yoga &amp; co","isPartOf":{"@id":"https:\/\/yogaandco.fr\/site\/#website"},"datePublished":"2023-08-02T10:33:02+00:00","dateModified":"2024-10-29T13:39:02+00:00","breadcrumb":{"@id":"https:\/\/yogaandco.fr\/site\/qui-sommes-nous\/#breadcrumb"},"inLanguage":"fr-FR","potentialAction":[{"@type":"ReadAction","target":["https:\/\/yogaandco.fr\/site\/qui-sommes-nous\/"]}]},{"@type":"BreadcrumbList","@id":"https:\/\/yogaandco.fr\/site\/qui-sommes-nous\/#breadcrumb","itemListElement":[{"@type":"ListItem","position":1,"name":"Accueil","item":"https:\/\/yogaandco.fr\/site\/"},{"@type":"ListItem","position":2,"name":"Qui sommes-nous ?"}]}]}},"_links":{"self":[{"href":"https:\/\/yogaandco.fr\/site\/wp-json\/wp\/v2\/pages\/12051"}],"collection":[{"href":"https:\/\/yogaandco.fr\/site\/wp-json\/wp\/v2\/pages"}],"about":[{"href":"https:\/\/yogaandco.fr\/site\/wp-json\/wp\/v2\/types\/page"}],"author":[{"embeddable":true,"href":"https:\/\/yogaandco.fr\/site\/wp-json\/wp\/v2\/users\/2"}],"replies":[{"embeddable":true,"href":"https:\/\/yogaandco.fr\/site\/wp-json\/wp\/v2\/comments?post=12051"}],"version-history":[{"count":7,"href":"https:\/\/yogaandco.fr\/site\/wp-json\/wp\/v2\/pages\/12051\/revisions"}],"predecessor-version":[{"id":12759,"href":"https:\/\/yogaandco.fr\/site\/wp-json\/wp\/v2\/pages\/12051\/revisions\/12759"}],"wp:attachment":[{"href":"https:\/\/yogaandco.fr\/site\/wp-json\/wp\/v2\/media?parent=12051"}],"curies":[{"name":"wp","href":"https:\/\/api.w.org\/{rel}","templated":true}]}}

<p>[vc_row css= ».vc_custom_1690972589265{margin-top: 30px !important;padding-top: 30px !important;} »][vc_column width= »1/2&Prime;][vc_single_image image= »11291&Prime; img_size= »full »][/vc_column][vc_column width= »1/2&Prime;][vc_column_text]</p>
<h1>QUI SOMMES-NOUS ?</h1>
<p>[/vc_column_text][vc_column_text]C&rsquo;est en 2012 que Nadège crée Yoga &amp; Co. Pratiquante de yoga depuis son adolescence, Nadège a à coeur partager les bienfaits du yoga et des autres pratiques qu&rsquo;elle connait  au plus grand nombre. Très engagée dans la vie de son quartier, elle est ravie de vous accueillir dans ce havre de paix sur le bassin de la Villette autour d&rsquo;une équipe de professionnels bienveillants et joyeux. Pas de pré-requis, pas de compétition, on vient ici en tout liberté. Car il existe une pratique pour chacun.e.[/vc_column_text][/vc_column][/vc_row][vc_row][vc_column][vc_empty_space][/vc_column][/vc_row][vc_row][vc_column width= »1/3&Prime;][vc_column_text]</p>
<div class="vc_row wpb_row vc_row-fluid vc_custom_1623857938563">
<div class="wpb_column vc_column_container vc_col-sm-12">
<div class="vc_column-inner">
<div class="wpb_wrapper">
<div class="wpb_text_column wpb_content_element ">
<div class="wpb_wrapper">
<h3>Notre équipe</h3>
<p>Diplômés, expérimentés, attentifs et enthousiastes, ils vous font partager leurs passions pendant les activités dispensées toute la semaine.</p>
</div>
</div>
</div>
</div>
</div>
</div>
<p>[/vc_column_text][vc_btn title= »Découvrir toute l&rsquo;équipe » style= »outline-custom » outline_custom_color= »#2a504d » outline_custom_hover_background= »#2a504d » outline_custom_hover_text= »#ffffff » shape= »square » size= »sm » align= »left » link= »url:https%3A%2F%2Fyogaandco.fr%2Fsite%2Fprofesseurs%2F|title:Professeurs%20%26%20intervenants »][/vc_column][vc_column width= »1/3&Prime;][vc_column_text]</p>
<div class="vc_row wpb_row vc_row-fluid vc_custom_1623857938563">
<div class="wpb_column vc_column_container vc_col-sm-12">
<div class="vc_column-inner">
<div class="wpb_wrapper">
<div class="wpb_text_column wpb_content_element ">
<div class="wpb_wrapper">
<h3>Nos espaces</h3>
<p>Yoga &amp; Co est un véritable espace holistique et pluridisciplinaire qui s’étend sur 200m2 de plain-pied au bord du bassin de la Villette.  Dans cet espace, toutes nos disciplines coexistent en harmonie et créent un espace de bien-être complet.</p>
</div>
</div>
</div>
</div>
</div>
</div>
<p>[/vc_column_text][vc_btn title= »Découvrir nos espaces » style= »outline-custom » outline_custom_color= »#2a504d » outline_custom_hover_background= »#2a504d » outline_custom_hover_text= »#ffffff » shape= »square » size= »sm » align= »left » link= »url:https%3A%2F%2Fyogaandco.fr%2Fsite%2Fnos-espaces%2F|title:Professeurs%20%26%20intervenants »][/vc_column][vc_column width= »1/3&Prime;][/vc_column][/vc_row][vc_row][vc_column][vc_empty_space][/vc_column][/vc_row]</p>

<p>[vc_row css= ».vc_custom_1690972589265{margin-top: 30px !important;padding-top: 30px !important;} »][vc_column width= »1/2&Prime;][vc_single_image image= »11291&Prime; img_size= »full »][/vc_column][vc_column width= »1/2&Prime;][vc_column_text] QUI SOMMES-NOUS ? [/vc_column_text][vc_column_text]C&rsquo;est en 2012 que Nadège crée Yoga &amp; Co. Pratiquante de yoga depuis son adolescence, Nadège a à coeur partager les bienfaits du yoga et des autres pratiques qu&rsquo;elle connait  au plus grand nombre. Très engagée dans la vie de son quartier, &hellip;</p>
<p class="read-more"> <a class="" href="https://yogaandco.fr/site/qui-sommes-nous/"> <span class="screen-reader-text">Qui sommes-nous ?</span> Lire la suite »</a></p>

<!-- This site is optimized with the Yoast SEO plugin v16.8 - https://yoast.com/wordpress/plugins/seo/ -->
<title>Qui sommes-nous ? - Yoga &amp; co</title>
<meta name="robots" content="index, follow, max-snippet:-1, max-image-preview:large, max-video-preview:-1" />
<link rel="canonical" href="https://yogaandco.fr/site/qui-sommes-nous/" />
<meta property="og:locale" content="fr_FR" />
<meta property="og:type" content="article" />
<meta property="og:title" content="Qui sommes-nous ? - Yoga &amp; co" />
<meta property="og:description" content="[vc_row css= ».vc_custom_1690972589265{margin-top: 30px !important;padding-top: 30px !important;} »][vc_column width= »1/2&Prime;][vc_single_image image= »11291&Prime; img_size= »full »][/vc_column][vc_column width= »1/2&Prime;][vc_column_text] QUI SOMMES-NOUS ? [/vc_column_text][vc_column_text]C&rsquo;est en 2012 que Nadège crée Yoga &amp; Co. Pratiquante de yoga depuis son adolescence, Nadège a à coeur partager les bienfaits du yoga et des autres pratiques qu&rsquo;elle connait  au plus grand nombre. Très engagée dans la vie de son quartier, &hellip; Qui sommes-nous ? Lire la suite »" />
<meta property="og:url" content="https://yogaandco.fr/site/qui-sommes-nous/" />
<meta property="og:site_name" content="Yoga &amp; co" />
<meta property="article:modified_time" content="2024-10-29T13:39:02+00:00" />
<meta name="twitter:label1" content="Durée de lecture est." />
	<meta name="twitter:data1" content="2 minutes" />
<script type="application/ld+json" class="yoast-schema-graph">{"@context":"https://schema.org","@graph":[{"@type":"WebSite","@id":"https://yogaandco.fr/site/#website","url":"https://yogaandco.fr/site/","name":"Yoga &amp; co","description":"Yoga pour tous","potentialAction":[{"@type":"SearchAction","target":{"@type":"EntryPoint","urlTemplate":"https://yogaandco.fr/site/?s={search_term_string}"},"query-input":"required name=search_term_string"}],"inLanguage":"fr-FR"},{"@type":"WebPage","@id":"https://yogaandco.fr/site/qui-sommes-nous/#webpage","url":"https://yogaandco.fr/site/qui-sommes-nous/","name":"Qui sommes-nous ? - Yoga &amp; co","isPartOf":{"@id":"https://yogaandco.fr/site/#website"},"datePublished":"2023-08-02T10:33:02+00:00","dateModified":"2024-10-29T13:39:02+00:00","breadcrumb":{"@id":"https://yogaandco.fr/site/qui-sommes-nous/#breadcrumb"},"inLanguage":"fr-FR","potentialAction":[{"@type":"ReadAction","target":["https://yogaandco.fr/site/qui-sommes-nous/"]}]},{"@type":"BreadcrumbList","@id":"https://yogaandco.fr/site/qui-sommes-nous/#breadcrumb","itemListElement":[{"@type":"ListItem","position":1,"name":"Accueil","item":"https://yogaandco.fr/site/"},{"@type":"ListItem","position":2,"name":"Qui sommes-nous ?"}]}]}</script>
<!-- / Yoast SEO plugin. -->

[vc_row css= ».vc_custom_1690972589265{margin-top: 30px !important;padding-top: 30px !important;} »][vc_column width= »1/2&Prime;][vc_single_image image= »11291&Prime; img_size= »full »][/vc_column][vc_column width= »1/2&Prime;][vc_column_text] QUI SOMMES-NOUS ? [/vc_column_text][vc_column_text]C&rsquo;est en 2012 que Nadège crée Yoga &amp; Co. Pratiquante de yoga depuis son adolescence, Nadège a à coeur partager les bienfaits du yoga et des autres pratiques qu&rsquo;elle connait  au plus grand nombre. Très engagée dans la vie de son quartier, &hellip; Qui sommes-nous ? Lire la suite »
