{"id":9738,"date":"2021-06-21T13:03:17","date_gmt":"2021-06-21T12:03:17","guid":{"rendered":"http:\/\/yogaandco.fr\/site\/1619974057036\/?page_id=9738"},"modified":"2022-10-14T09:03:35","modified_gmt":"2022-10-14T08:03:35","slug":"sejours","status":"publish","type":"page","link":"https:\/\/yogaandco.fr\/site\/sejours\/","title":{"rendered":"DANS VOTRE ENTREPRISE"},"content":{"rendered":"<p>[vc_row equal_height=\u00a0\u00bbyes\u00a0\u00bb css=\u00a0\u00bb.vc_custom_1624703109623{margin-top: 40px !important;margin-bottom: 20px !important;}\u00a0\u00bb][vc_column width=\u00a0\u00bb1\/2&Prime;][vc_column_text]<\/p>\n<h1>DANS VOTRE ENTREPRISE<\/h1>\n<p>[\/vc_column_text][\/vc_column][vc_column width=\u00a0\u00bb1\/2&Prime;][vc_column_text]Le bien-\u00eatre en entreprise est devenu un enjeu majeur de sant\u00e9 publique.<\/p>\n<p>Nous vous proposons un panel d&rsquo;activit\u00e9s tr\u00e8s vari\u00e9es et une \u00e9quipe bienveillante et professionnelle pour r\u00e9pondre \u00e0 toutes vos attentes en terme de bien-\u00eatre et de sant\u00e9 au sein de votre entreprise. Cours r\u00e9guliers ou s\u00e9minaires th\u00e9matiques, n&rsquo;h\u00e9sitez pas \u00e0 nous contacter afin de trouver la solution la mieux adapt\u00e9e \u00e0 vos attentes.<\/p>\n<p>Faites-nous part de vos attentes et demandez votre devis au 01 42 09 20 78[\/vc_column_text][\/vc_column][\/vc_row][vc_row full_width=\u00a0\u00bbstretch_row\u00a0\u00bb css=\u00a0\u00bb.vc_custom_1624703071245{background-color: #e5f4ec !important;}\u00a0\u00bb][vc_column][vc_basic_grid post_type=\u00a0\u00bbpost\u00a0\u00bb max_items=\u00a0\u00bb10&Prime; element_width=\u00a0\u00bb3&Prime; item=\u00a0\u00bb9528&Prime; grid_id=\u00a0\u00bbvc_gid:1665734410204-f2e9f8af7e7095cdc916f92d2df28dea-4&Prime; taxonomies=\u00a0\u00bb202&Prime;][\/vc_column][\/vc_row]<\/p>\n","protected":false},"excerpt":{"rendered":"<p>[vc_row equal_height=\u00a0\u00bbyes\u00a0\u00bb css=\u00a0\u00bb.vc_custom_1624703109623{margin-top: 40px !important;margin-bottom: 20px !important;}\u00a0\u00bb][vc_column width=\u00a0\u00bb1\/2&Prime;][vc_column_text] DANS VOTRE ENTREPRISE [\/vc_column_text][\/vc_column][vc_column width=\u00a0\u00bb1\/2&Prime;][vc_column_text]Le bien-\u00eatre en entreprise est devenu un enjeu majeur de sant\u00e9 publique. Nous vous proposons un panel d&rsquo;activit\u00e9s tr\u00e8s vari\u00e9es et une \u00e9quipe bienveillante et professionnelle pour r\u00e9pondre \u00e0 toutes vos attentes en terme de bien-\u00eatre et de sant\u00e9 au sein de votre &hellip;<\/p>\n<p class=\"read-more\"> <a class=\"\" href=\"https:\/\/yogaandco.fr\/site\/sejours\/\"> <span class=\"screen-reader-text\">DANS VOTRE ENTREPRISE<\/span> Lire la suite\u00a0\u00bb<\/a><\/p>\n","protected":false},"author":2,"featured_media":0,"parent":0,"menu_order":0,"comment_status":"closed","ping_status":"closed","template":"","meta":{"_monsterinsights_skip_tracking":false,"_monsterinsights_sitenote_active":false,"_monsterinsights_sitenote_note":"","_monsterinsights_sitenote_category":0,"footnotes":""},"class_list":["post-9738","page","type-page","status-publish","hentry"],"yoast_head":"<!-- This site is optimized with the Yoast SEO plugin v16.8 - https:\/\/yoast.com\/wordpress\/plugins\/seo\/ -->\n<title>DANS VOTRE ENTREPRISE - Yoga &amp; co<\/title>\n<meta name=\"robots\" content=\"index, follow, max-snippet:-1, max-image-preview:large, max-video-preview:-1\" \/>\n<link rel=\"canonical\" href=\"https:\/\/yogaandco.fr\/site\/sejours\/\" \/>\n<meta property=\"og:locale\" content=\"fr_FR\" \/>\n<meta property=\"og:type\" content=\"article\" \/>\n<meta property=\"og:title\" content=\"DANS VOTRE ENTREPRISE - Yoga &amp; co\" \/>\n<meta property=\"og:description\" content=\"[vc_row equal_height=\u00a0\u00bbyes\u00a0\u00bb css=\u00a0\u00bb.vc_custom_1624703109623{margin-top: 40px !important;margin-bottom: 20px !important;}\u00a0\u00bb][vc_column width=\u00a0\u00bb1\/2&Prime;][vc_column_text] DANS VOTRE ENTREPRISE [\/vc_column_text][\/vc_column][vc_column width=\u00a0\u00bb1\/2&Prime;][vc_column_text]Le bien-\u00eatre en entreprise est devenu un enjeu majeur de sant\u00e9 publique. Nous vous proposons un panel d&rsquo;activit\u00e9s tr\u00e8s vari\u00e9es et une \u00e9quipe bienveillante et professionnelle pour r\u00e9pondre \u00e0 toutes vos attentes en terme de bien-\u00eatre et de sant\u00e9 au sein de votre &hellip; DANS VOTRE ENTREPRISE Lire la suite\u00a0\u00bb\" \/>\n<meta property=\"og:url\" content=\"https:\/\/yogaandco.fr\/site\/sejours\/\" \/>\n<meta property=\"og:site_name\" content=\"Yoga &amp; co\" \/>\n<meta property=\"article:modified_time\" content=\"2022-10-14T08:03:35+00:00\" \/>\n<meta name=\"twitter:label1\" content=\"Dur\u00e9e de lecture est.\" \/>\n\t<meta name=\"twitter:data1\" content=\"1 minute\" \/>\n<script type=\"application\/ld+json\" class=\"yoast-schema-graph\">{\"@context\":\"https:\/\/schema.org\",\"@graph\":[{\"@type\":\"WebSite\",\"@id\":\"https:\/\/yogaandco.fr\/site\/#website\",\"url\":\"https:\/\/yogaandco.fr\/site\/\",\"name\":\"Yoga &amp; co\",\"description\":\"Yoga pour tous\",\"potentialAction\":[{\"@type\":\"SearchAction\",\"target\":{\"@type\":\"EntryPoint\",\"urlTemplate\":\"https:\/\/yogaandco.fr\/site\/?s={search_term_string}\"},\"query-input\":\"required name=search_term_string\"}],\"inLanguage\":\"fr-FR\"},{\"@type\":\"WebPage\",\"@id\":\"https:\/\/yogaandco.fr\/site\/sejours\/#webpage\",\"url\":\"https:\/\/yogaandco.fr\/site\/sejours\/\",\"name\":\"DANS VOTRE ENTREPRISE - Yoga &amp; co\",\"isPartOf\":{\"@id\":\"https:\/\/yogaandco.fr\/site\/#website\"},\"datePublished\":\"2021-06-21T12:03:17+00:00\",\"dateModified\":\"2022-10-14T08:03:35+00:00\",\"breadcrumb\":{\"@id\":\"https:\/\/yogaandco.fr\/site\/sejours\/#breadcrumb\"},\"inLanguage\":\"fr-FR\",\"potentialAction\":[{\"@type\":\"ReadAction\",\"target\":[\"https:\/\/yogaandco.fr\/site\/sejours\/\"]}]},{\"@type\":\"BreadcrumbList\",\"@id\":\"https:\/\/yogaandco.fr\/site\/sejours\/#breadcrumb\",\"itemListElement\":[{\"@type\":\"ListItem\",\"position\":1,\"name\":\"Accueil\",\"item\":\"https:\/\/yogaandco.fr\/site\/\"},{\"@type\":\"ListItem\",\"position\":2,\"name\":\"DANS VOTRE ENTREPRISE\"}]}]}<\/script>\n<!-- \/ Yoast SEO plugin. -->","yoast_head_json":{"title":"DANS VOTRE ENTREPRISE - Yoga &amp; co","robots":{"index":"index","follow":"follow","max-snippet":"max-snippet:-1","max-image-preview":"max-image-preview:large","max-video-preview":"max-video-preview:-1"},"canonical":"https:\/\/yogaandco.fr\/site\/sejours\/","og_locale":"fr_FR","og_type":"article","og_title":"DANS VOTRE ENTREPRISE - Yoga &amp; co","og_description":"[vc_row equal_height=\u00a0\u00bbyes\u00a0\u00bb css=\u00a0\u00bb.vc_custom_1624703109623{margin-top: 40px !important;margin-bottom: 20px !important;}\u00a0\u00bb][vc_column width=\u00a0\u00bb1\/2&Prime;][vc_column_text] DANS VOTRE ENTREPRISE [\/vc_column_text][\/vc_column][vc_column width=\u00a0\u00bb1\/2&Prime;][vc_column_text]Le bien-\u00eatre en entreprise est devenu un enjeu majeur de sant\u00e9 publique. Nous vous proposons un panel d&rsquo;activit\u00e9s tr\u00e8s vari\u00e9es et une \u00e9quipe bienveillante et professionnelle pour r\u00e9pondre \u00e0 toutes vos attentes en terme de bien-\u00eatre et de sant\u00e9 au sein de votre &hellip; DANS VOTRE ENTREPRISE Lire la suite\u00a0\u00bb","og_url":"https:\/\/yogaandco.fr\/site\/sejours\/","og_site_name":"Yoga &amp; co","article_modified_time":"2022-10-14T08:03:35+00:00","twitter_misc":{"Dur\u00e9e de lecture est.":"1 minute"},"schema":{"@context":"https:\/\/schema.org","@graph":[{"@type":"WebSite","@id":"https:\/\/yogaandco.fr\/site\/#website","url":"https:\/\/yogaandco.fr\/site\/","name":"Yoga &amp; co","description":"Yoga pour tous","potentialAction":[{"@type":"SearchAction","target":{"@type":"EntryPoint","urlTemplate":"https:\/\/yogaandco.fr\/site\/?s={search_term_string}"},"query-input":"required name=search_term_string"}],"inLanguage":"fr-FR"},{"@type":"WebPage","@id":"https:\/\/yogaandco.fr\/site\/sejours\/#webpage","url":"https:\/\/yogaandco.fr\/site\/sejours\/","name":"DANS VOTRE ENTREPRISE - Yoga &amp; co","isPartOf":{"@id":"https:\/\/yogaandco.fr\/site\/#website"},"datePublished":"2021-06-21T12:03:17+00:00","dateModified":"2022-10-14T08:03:35+00:00","breadcrumb":{"@id":"https:\/\/yogaandco.fr\/site\/sejours\/#breadcrumb"},"inLanguage":"fr-FR","potentialAction":[{"@type":"ReadAction","target":["https:\/\/yogaandco.fr\/site\/sejours\/"]}]},{"@type":"BreadcrumbList","@id":"https:\/\/yogaandco.fr\/site\/sejours\/#breadcrumb","itemListElement":[{"@type":"ListItem","position":1,"name":"Accueil","item":"https:\/\/yogaandco.fr\/site\/"},{"@type":"ListItem","position":2,"name":"DANS VOTRE ENTREPRISE"}]}]}},"_links":{"self":[{"href":"https:\/\/yogaandco.fr\/site\/wp-json\/wp\/v2\/pages\/9738"}],"collection":[{"href":"https:\/\/yogaandco.fr\/site\/wp-json\/wp\/v2\/pages"}],"about":[{"href":"https:\/\/yogaandco.fr\/site\/wp-json\/wp\/v2\/types\/page"}],"author":[{"embeddable":true,"href":"https:\/\/yogaandco.fr\/site\/wp-json\/wp\/v2\/users\/2"}],"replies":[{"embeddable":true,"href":"https:\/\/yogaandco.fr\/site\/wp-json\/wp\/v2\/comments?post=9738"}],"version-history":[{"count":8,"href":"https:\/\/yogaandco.fr\/site\/wp-json\/wp\/v2\/pages\/9738\/revisions"}],"predecessor-version":[{"id":11455,"href":"https:\/\/yogaandco.fr\/site\/wp-json\/wp\/v2\/pages\/9738\/revisions\/11455"}],"wp:attachment":[{"href":"https:\/\/yogaandco.fr\/site\/wp-json\/wp\/v2\/media?parent=9738"}],"curies":[{"name":"wp","href":"https:\/\/api.w.org\/{rel}","templated":true}]}}

<p>[vc_row equal_height= »yes » css= ».vc_custom_1624703109623{margin-top: 40px !important;margin-bottom: 20px !important;} »][vc_column width= »1/2&Prime;][vc_column_text]</p>
<h1>DANS VOTRE ENTREPRISE</h1>
<p>[/vc_column_text][/vc_column][vc_column width= »1/2&Prime;][vc_column_text]Le bien-être en entreprise est devenu un enjeu majeur de santé publique.</p>
<p>Nous vous proposons un panel d&rsquo;activités très variées et une équipe bienveillante et professionnelle pour répondre à toutes vos attentes en terme de bien-être et de santé au sein de votre entreprise. Cours réguliers ou séminaires thématiques, n&rsquo;hésitez pas à nous contacter afin de trouver la solution la mieux adaptée à vos attentes.</p>
<p>Faites-nous part de vos attentes et demandez votre devis au 01 42 09 20 78[/vc_column_text][/vc_column][/vc_row][vc_row full_width= »stretch_row » css= ».vc_custom_1624703071245{background-color: #e5f4ec !important;} »][vc_column][vc_basic_grid post_type= »post » max_items= »10&Prime; element_width= »3&Prime; item= »9528&Prime; grid_id= »vc_gid:1665734410204-f2e9f8af7e7095cdc916f92d2df28dea-4&Prime; taxonomies= »202&Prime;][/vc_column][/vc_row]</p>

<p>[vc_row equal_height= »yes » css= ».vc_custom_1624703109623{margin-top: 40px !important;margin-bottom: 20px !important;} »][vc_column width= »1/2&Prime;][vc_column_text] DANS VOTRE ENTREPRISE [/vc_column_text][/vc_column][vc_column width= »1/2&Prime;][vc_column_text]Le bien-être en entreprise est devenu un enjeu majeur de santé publique. Nous vous proposons un panel d&rsquo;activités très variées et une équipe bienveillante et professionnelle pour répondre à toutes vos attentes en terme de bien-être et de santé au sein de votre &hellip;</p>
<p class="read-more"> <a class="" href="https://yogaandco.fr/site/sejours/"> <span class="screen-reader-text">DANS VOTRE ENTREPRISE</span> Lire la suite »</a></p>

<!-- This site is optimized with the Yoast SEO plugin v16.8 - https://yoast.com/wordpress/plugins/seo/ -->
<title>DANS VOTRE ENTREPRISE - Yoga &amp; co</title>
<meta name="robots" content="index, follow, max-snippet:-1, max-image-preview:large, max-video-preview:-1" />
<link rel="canonical" href="https://yogaandco.fr/site/sejours/" />
<meta property="og:locale" content="fr_FR" />
<meta property="og:type" content="article" />
<meta property="og:title" content="DANS VOTRE ENTREPRISE - Yoga &amp; co" />
<meta property="og:description" content="[vc_row equal_height= »yes » css= ».vc_custom_1624703109623{margin-top: 40px !important;margin-bottom: 20px !important;} »][vc_column width= »1/2&Prime;][vc_column_text] DANS VOTRE ENTREPRISE [/vc_column_text][/vc_column][vc_column width= »1/2&Prime;][vc_column_text]Le bien-être en entreprise est devenu un enjeu majeur de santé publique. Nous vous proposons un panel d&rsquo;activités très variées et une équipe bienveillante et professionnelle pour répondre à toutes vos attentes en terme de bien-être et de santé au sein de votre &hellip; DANS VOTRE ENTREPRISE Lire la suite »" />
<meta property="og:url" content="https://yogaandco.fr/site/sejours/" />
<meta property="og:site_name" content="Yoga &amp; co" />
<meta property="article:modified_time" content="2022-10-14T08:03:35+00:00" />
<meta name="twitter:label1" content="Durée de lecture est." />
	<meta name="twitter:data1" content="1 minute" />
<script type="application/ld+json" class="yoast-schema-graph">{"@context":"https://schema.org","@graph":[{"@type":"WebSite","@id":"https://yogaandco.fr/site/#website","url":"https://yogaandco.fr/site/","name":"Yoga &amp; co","description":"Yoga pour tous","potentialAction":[{"@type":"SearchAction","target":{"@type":"EntryPoint","urlTemplate":"https://yogaandco.fr/site/?s={search_term_string}"},"query-input":"required name=search_term_string"}],"inLanguage":"fr-FR"},{"@type":"WebPage","@id":"https://yogaandco.fr/site/sejours/#webpage","url":"https://yogaandco.fr/site/sejours/","name":"DANS VOTRE ENTREPRISE - Yoga &amp; co","isPartOf":{"@id":"https://yogaandco.fr/site/#website"},"datePublished":"2021-06-21T12:03:17+00:00","dateModified":"2022-10-14T08:03:35+00:00","breadcrumb":{"@id":"https://yogaandco.fr/site/sejours/#breadcrumb"},"inLanguage":"fr-FR","potentialAction":[{"@type":"ReadAction","target":["https://yogaandco.fr/site/sejours/"]}]},{"@type":"BreadcrumbList","@id":"https://yogaandco.fr/site/sejours/#breadcrumb","itemListElement":[{"@type":"ListItem","position":1,"name":"Accueil","item":"https://yogaandco.fr/site/"},{"@type":"ListItem","position":2,"name":"DANS VOTRE ENTREPRISE"}]}]}</script>
<!-- / Yoast SEO plugin. -->

[vc_row equal_height= »yes » css= ».vc_custom_1624703109623{margin-top: 40px !important;margin-bottom: 20px !important;} »][vc_column width= »1/2&Prime;][vc_column_text] DANS VOTRE ENTREPRISE [/vc_column_text][/vc_column][vc_column width= »1/2&Prime;][vc_column_text]Le bien-être en entreprise est devenu un enjeu majeur de santé publique. Nous vous proposons un panel d&rsquo;activités très variées et une équipe bienveillante et professionnelle pour répondre à toutes vos attentes en terme de bien-être et de santé au sein de votre &hellip; DANS VOTRE ENTREPRISE Lire la suite »
